What is the thousands digit of b?
5
Let j be 7/(-35) - 3/((-15)/16). Let v(n) = 118*n + 30. What is the units digit of v(j)?
4
Let u(l) = -119*l + 26. Let z = -367 + 363. What is the hundreds digit of u(z)?
5
Let u be ((-46)/(-8) + -5)*-52. Let p = -34 - -81. Let m = p - u. What is the units digit of m?
6
What is the tens digit of -1*(636 - -11)*-8?
7
Let t(l) = 259*l - 5719. What is the hundreds digit of t(76)?
9
Let q(s) be the first derivative of s**4/4 - s**3/3 - s**2 + 47. What is the tens digit of q(5)?
9
Suppose -20 = -3*y + 2*z, -z = y + y - 11. Suppose 0 = 4*u - 2*u + y, 2*u = -4*n + 630. What is the units digit of n?
9
Let u be -3 + 72/(3 - 0). Suppose -d + u - 25 = 0. What is the units digit of 14*(-1)/8*d?
7
Let k(r) = -r**3 + 3*r**2 + r + 1. Let o be k(3). Suppose 0*v - 12 = -o*v. Suppose 36 = n + 2*j, -v*j = 3*n - 102 - 12. What is the tens digit of n?
4
Suppose 2211 = 18*i - 15*i + n, 4*n = -3*i + 2202. What is the tens digit of i?
3
Let p(o) be the third derivative of o**5/5 + 13*o**4/24 - 31*o**3/2 + 25*o**2. What is the units digit of p(6)?
7
Suppose -282*m = 34*m - 4405040. What is the thousands digit of m?
3
Let u(i) = i + 1. Let d(z) = -8*z - 199. Let m(n) = -d(n) - 6*u(n). What is the tens digit of m(-25)?
4
Suppose 6*u + 2584 = 12010. Suppose -19*s - 7755 = -24*s - 5*d, 4*d = s - u. What is the thousands digit of s?
1
Let n(v) = 2*v**2 - 3. Let w be n(2). Let i(a) = -w + 1 + 23*a**2 - 12*a - 22*a**2 - 4. What is the tens digit of i(17)?
7
Suppose -4*l - 3*z = -21, 0 = -l + 4*l - 5*z - 52. Let w = 268 - l. What is the hundreds digit of w?
2
Let s(l) = -4*l**2 + 8*l + 30. Let q be s(-6). Let y = q + 634. What is the hundreds digit of y?
4
Let j(v) be the first derivative of -v**4/4 - 3*v**3 + 13*v**2/2 + 5*v - 213. Let d be (44/16)/(1/(-4)). What is the tens digit of j(d)?
0
Suppose 28*f = f - 837. Let s = 81 + f. What is the units digit of s?
0
Let i(g) be the first derivative of 16*g**3 + 5*g**2/2 + 11*g - 134. Suppose -2*a = -4*n, 0 = -a - 4 - 0. What is the hundreds digit of i(n)?
1
Suppose 0 = -0*o + 6*o + 1296. Let s = o - -396. Suppose -5*b + s = 60. What is the tens digit of b?
2
Suppose -13*h + 35 = -17. Suppose 2*g = q + 56 - 388, 5*q - h*g = 1636. What is the units digit of q?
4
Suppose 4*c - 2*c = 70. What is the tens digit of c?
3
Let m(v) = 2*v**3 + 1. Let r(x) = -x**3 + x**2 - 1. Let b(q) = m(q) + 3*r(q). Let p be b(3). What is the tens digit of 6/p + (-3 - (-136 + -1))?
3
Let g(o) = o**3 - 80*o**2 + 158*o + 412. What is the hundreds digit of g(86)?
3
Let r = 305 - 304. What is the hundreds digit of 60/20*(-1)/r - -531?
5
What is the units digit of (-3)/(-4) + 1474883/284?
4
Let t = 298781 - 208365. What is the thousands digit of t?
0
Let i = 262 + -242. Suppose 10*g + i = 20*g. What is the units digit of g?
2
Suppose -4*q - 3*r = -19013, -112*q + 107*q + 23775 = 2*r. What is the hundreds digit of q?
7
Suppose 132*f - 627732 = -9*f. What is the units digit of f?
2
Let d = 35399 - 17062. What is the thousands digit of d?
8
Let p = 13492 + -6807. What is the units digit of p?
5
Let s = 4 - -2. Let m(x) = -x**3 + 13*x**2 + 13. What is the tens digit of m(s)?
6
Let f(x) = 255*x + 76. Let d = 636 + -631. What is the units digit of f(d)?
1
Let y = -302 + 339. Suppose -595 = y*z - 38*z. What is the units digit of z?
5
Suppose -379200 = -300*t + 252*t. What is the tens digit of t?
0
Let r(o) = 8*o + 92. Let z(g) = -5*g - 61. Let s(d) = -5*r(d) - 7*z(d). Let t be s(-8). Suppose t*c - 1551 = -4*c. What is the hundreds digit of c?
1
Suppose -4*l = k + 1742, -2*k + 440 = -0*l - l. Let z = 790 - l. What is the hundreds digit of z?
2
Let k(o) = -16 - 23 - 11*o + 53*o + 7. What is the units digit of k(2)?
2
Let c(u) = 4*u - 4. Let l be c(0). What is the hundreds digit of (-1)/l - (16689/(-12) - -6)?
3
Let s = 42174 - -37142. What is the tens digit of s?
1
Let m be (74/(-5))/(21/105). Let k = m + 261. What is the tens digit of k?
8
Suppose -824 + 1393 = -h. Let z = h + 1367. What is the tens digit of z?
9
Let r(n) = n**2 + 2*n - 6. Suppose -17*y - 48 = -5*y. Let t be r(y). Suppose 45 = 3*s + t*s. What is the units digit of s?
9
Let d = 34 + -31. Let i(a) = -10 - 74*a - a**2 + a**d + 9*a**2 + 52*a. What is the units digit of i(-9)?
7
Let v be 4*6/(48/4376). Suppose 0 = -563*o + 561*o + v. What is the units digit of o?
4
Suppose -2*x + 4*k + 155 = k, 4*x + 3*k - 319 = 0. Suppose x*t - 71*t - 6928 = 0. What is the tens digit of t?
6
Let d(t) = -10*t + 2223. What is the tens digit of d(26)?
6
Let i(y) = -8*y**2 + 0 + 8*y - 4 + 2*y**3 - 7. Let l be i(6). Let t = 298 - l. What is the units digit of t?
7
Let z(q) = -74*q + 8. Let t(c) be the first derivative of -c**4/4 + 7*c**3/3 + 8*c**2 + 16*c - 7. Let l be t(9). What is the hundreds digit of z(l)?
1
Let q = -78 - -85. Suppose q*a - 4*a = 0. Suppose a*x = -3*d - 2*x + 150, -5*x - 67 = -d. What is the units digit of d?
2
Let q = 3813 - -1311. Suppose 765 = 2*u + p - 1797, 0 = 4*u - 5*p - q. What is the hundreds digit of u?
2
Let r = -135 + 137. Suppose r*l + 2*w - 126 = 0, -l - 4*w - 220 = -5*l. What is the tens digit of l?
5
Let i = -288 - -133. Let w = i - -265. Suppose 35 = n + 4*d, -w = -2*n + 3*d - d. What is the units digit of n?
1
Let z = 16186 - 7709. What is the units digit of z?
7
Let r(o) = -4*o**2 - 6*o - 58. Let m be r(17). What is the units digit of (-8)/(-3)*(m/(-8) + -1)?
6
Suppose 62 = 7*u - 603. What is the units digit of (-38)/8*22*(-97 + u)?
9
Let l be 15*8*518/35 + -1. Let n = -1126 + l. Suppose 0 = -5*x + 2*o + n, o + 789 = 5*x + 137. What is the hundreds digit of x?
1
Suppose 157*x + 230761 = 10305294. What is the hundreds digit of x?
1
Suppose 3*q = -2*c + 164455, 0 = 1092*q - 1094*q + c + 109646. What is the ten thousands digit of q?
5
Let z(s) = 22*s**2 - 157*s + 96. What is the units digit of z(29)?
5
Let q(v) = v**3 + 26*v**2 + v + 40. Let n be q(-26). Suppose n*y + 4 = 15*y. Suppose 4*d + 600 = y*r, -3*d = r + 2*r - 480. What is the units digit of r?
5
Let g = -127097 - -183268. What is the thousands digit of g?
6
What is the tens digit of ((-5566)/44)/((-1)/52)?
7
Suppose 5*a + 39718 = -102622. What is the tens digit of 4/(-24) + a/(-24) + -3?
8
Let j = 73747 - 42209. What is the thousands digit of j?
1
Suppose -2*f + 5*g - 31 = 0, -4*g = f - 2*f - 8. Let h(z) = 31*z + 784. Let q be h(-22). Let m = q + f. What is the units digit of m?
4
Let k = -229 - -187. What is the tens digit of (k/(-12))/((-9)/(-90))?
3
Suppose 5*c + 11622 = 2*m, 23*m - 24*m = -3*c - 5809. What is the hundreds digit of m?
8
What is the hundreds digit of (-74 + 1)/(2/(-136)*(-68)/(-102))?
4
Let i(n) = -5 + 7*n + 81*n**3 - 80*n**3 + 0 - 6*n**2. Let y be i(5). Suppose -8*u + 7 = -4*u - s, -y*u + 13 = 3*s. What is the units digit of u?
2
What is the hundreds digit of (0 - 1)*-5 - -4729?
7
Suppose 4*j + 1674 = -2*b, -3*j - 2499 = 3*b - 0*b. Let g = -448 - b. What is the units digit of g?
1
Let n(c) = c**2 + 15*c + 37. Let z(k) = -k**2 - 8*k - 18. Let u(o) = -3*n(o) - 5*z(o). Let h be u(-7). What is the hundreds digit of h + -9 + (-10)/(-2)?
1
Let l(r) = 4*r**2 + 21*r + 7. Let w be l(-5). What is the tens digit of 313 + (-6)/(w + 1)?
1
Let p(w) be the second derivative of -41*w**3/6 - 3*w**2/2 + 3*w + 1. Let s be (0 - -1)/(1/(-2)). What is the units digit of p(s)?
9
Let t = 36627 + -23383. What is the units digit of t?
4
Let u(w) = -123*w**3 + 2*w**2 + 5*w + 4. Let b be u(-4). Suppose 21*p - 4*p = b. What is the units digit of p?
4
Let g(m) = -43*m**3 - m**2 - 7*m - 9. Suppose -29*z - 4 = 54. What is the hundreds digit of g(z)?
3
What is the thousands digit of (-312)/(-52)*(-141415)/(-30)?
8
Let c be ((-665)/15)/((-3)/27). Suppose -278*v - c = -279*v. What is the hundreds digit of v?
3
Suppose 527 + 803 = 5*i. Let m(x) = 170*x**2 + x + 3. Let t be m(-1). Let r = i - t. What is the tens digit of r?
9
Let t be 432/(-96)*-22*3. Suppose 5*y + 435 = 3*i, 2*i = 9*y - 8*y + t. What is the tens digit of i?
5
Let x = 5496 - 2219. Suppose -x - 1241 = -18*g. What is the hundreds digit of g?
2
Suppose 0 = -17*l + 15*l - 394. Let a = -45 - -63. What is the units digit of 6/a - l/3?
6
Let u(j) = -j**3 - 9*j**2 - 16*j - 5. Let x be u(-10). Let k = x - -255. What is the units digit of k?
0
Let n